6?
42
Calculate the greatest common factor of 243 and 2043.
9
What is the greatest common divisor of 102791 and 13?
13
What is the greatest common factor of 1 and 39761?
1
Calculate the highest common divisor of 219132 and 189.
27
What is the greatest common factor of 171587 and 13?
13
Calculate the greatest common factor of 171 and 1575.
9
What is the greatest common divisor of 2954787 and 2244?
561
Calculate the greatest common factor of 58824 and 608.
152
What is the greatest common factor of 20911 and 88?
11
What is the highest common factor of 8268 and 936?
156
What is the greatest common factor of 13 and 142766?
13
Calculate the highest common divisor of 1349885 and 85.
85
Calculate the greatest common factor of 55 and 74735.
5
Calculate the greatest common factor of 169274 and 2996.
1498
Calculate the highest common divisor of 676 and 388.
4
What is the highest common divisor of 190 and 251?
1
What is the highest common divisor of 336 and 79212?
84
What is the highest common divisor of 5776 and 432?
16
What is the greatest common factor of 2944 and 2806?
46
Calculate the greatest common divisor of 26341 and 994.
497
Calculate the highest common factor of 870 and 24708.
174
What is the highest common factor of 539 and 10388?
49
Calculate the highest common divisor of 34 and 138533.
17
What is the greatest common factor of 633700 and 80?
20
Calculate the highest common divisor of 4164 and 634316.
1388
Calculate the highest common divisor of 115 and 82225.
115
What is the greatest common divisor of 172 and 5633?
43
What is the greatest common factor of 247 and 151?
1
Calculate the highest common factor of 339 and 309.
3
Calculate the greatest common factor of 1300 and 9300.
100
What is the greatest common divisor of 184 and 891020?
92
Calculate the greatest common divisor of 4210 and 360.
10
Calculate the greatest common factor of 5607147 and 897.
897
What is the highest common factor of 351 and 154557?
117
Calculate the greatest common factor of 18 and 107586.
18
What is the greatest common factor of 288 and 27630?
18
Calculate the highest common divisor of 12 and 1961844.
12
Calculate the highest common divisor of 17794 and 126.
14
What is the highest common divisor of 20410 and 1300?
130
Calculate the greatest common divisor of 600 and 246525.
75
What is the greatest common factor of 32 and 83782?
2
Calculate the highest common divisor of 412 and 273362.
206
What is the highest common divisor of 320454 and 216?
18
Calculate the highest common factor of 5656 and 424.
8
What is the highest common factor of 400421 and 7?
7
What is the highest common factor of 119 and 16387?
7
Calculate the highest common factor of 136459 and 69.
23
Calculate the greatest common divisor of 32 and 185312.
32
Calculate the greatest common divisor of 5821 and 4.
1
Calculate the highest common divisor of 7560 and 202860.
1260
What is the highest common divisor of 390 and 1381029?
39
Calculate the greatest common divisor of 3818 and 7962439.
1909
Calculate the greatest common factor of 16 and 14468.
4
What is the greatest common divisor of 46706 and 1166?
22
What is the greatest common factor of 248450 and 200?
50
Calculate the highest common divisor of 5 and 5645.
5
Calculate the highest common factor of 404 and 928.
4
What is the highest common divisor of 72 and 19386?
18
Calculate the greatest common divisor of 245555 and 7705.
335
Calculate the greatest common divisor of 1532979 and 35.
7
Calculate the highest common factor of 910 and 280.
70
Calculate the greatest common factor of 71602 and 20.
2
What is the highest common divisor of 28 and 53984?
28
Calculate the greatest common factor of 4260549 and 237.
237
Calculate the greatest common divisor of 1603 and 1218.
7
What is the greatest common factor of 97867 and 3472?
217
What is the greatest common divisor of 287 and 121513?
7
What is the greatest common divisor of 174 and 7854?
6
Calculate the highest common factor of 5256 and 42705.
657
What is the highest common divisor of 989 and 137701?
23
What is the greatest common factor of 51175 and 16675?
575
Calculate the greatest common factor of 20956 and 620.
124
Calculate the greatest common factor of 16084 and 10.
2
What is the greatest common factor of 426 and 2755794?
426
Calculate the highest common factor of 141 and 3950491.
47
What is the greatest common factor of 8335 and 1395?
5
What is the highest common divisor of 1815 and 555?
15
Calculate the highest common divisor of 87950 and 400.
50
What is the highest common divisor of 12 and 41742?
6
Calculate the greatest common factor of 120 and 15880.
40
Calculate the greatest common factor of 8080 and 4444.
404
What is the highest common divisor of 32400 and 14?
2
What is the highest common factor of 1937617 and 353?
353
What is the highest common divisor of 428 and 2?
2
Calculate the greatest common divisor of 10692 and 549.
9
What is the greatest common factor of 10545654 and 14?
14
Calculate the highest common factor of 168554 and 1136.
142
What is the highest common divisor of 28361 and 718?
359
What is the highest common divisor of 5 and 31015?
5
What is the greatest common factor of 12220 and 20540?
260
Calculate the highest common divisor of 116 and 5836.
4
Calculate the greatest common factor of 16513600 and 80.
80
Calculate the highest common divisor of 1302 and 8897.
217
What is the greatest common divisor of 5509 and 203?
7
Calculate the greatest common factor of 73521 and 42.
21
What is the highest common factor of 3968 and 51520?
64
Calculate the highest common factor of 124 and 3655706.
62
What is the highest common divisor of 645 and 5205?
15
Calculate the highest common divisor of 4121 and 169.
13
What is the greatest common divisor of 2294 and 18?
2
Calculate the highest common factor of 1760 and 18700.
220
Calculate the greatest common factor of 193390 and 1398.
466
Calculate the greatest common factor of 4120 and 224.
8
Calculate the highest common divisor of 131728 and 96.
16
Calculate the greatest common divisor of 29440 and 11840.
320
What is the highest common factor of 234207 and 3?
3
Calculate the greatest common factor of 69895 and 8785.
35
What is the highest common divisor of 132 and 3996?
12
What is the highest common factor of 219566 and 2488?
622
Calculate the greatest common divisor of 729 and 32481.
81
What is the greatest common factor of 212091 and 11?
11
Calculate the greatest common divisor of 4590 and 405.
135
Calculate the highest common divisor of 41 and 4732958.
41
Calculate the greatest common divisor of 862 and 22.
2
Calculate the greatest common factor of 514114 and 102.
34
What is the highest common factor of 13636281 and 57?
57
What is the highest common divisor of 2072 and 1136492?
1036
What is the greatest common factor of 310 and 47430?
310
Calculate the highest common divisor of 10870 and 30.
10
Calculate the greatest common divisor of 19499 and 35224.
629
What is the highest common divisor of 12710 and 33210?
410
What is the greatest common factor of 45980 and 8580?
220
Calculate the highest common factor of 9717 and 7347.
237
What is the greatest common divisor of 101084 and 148?
148
Calculate the highest common divisor of 12502 and 760.
38
What is the highest common divisor of 14615 and 740?
185
Calculate the greatest common divisor of 83295 and 135.
135
What is the greatest common divisor of 24522 and 8052?
366
What is the greatest common factor of 3558 and 192?
6
What is the greatest common divisor of 36 and 62028?
36
Calculate the highest common divisor of 1118 and 21086.
26
Calculate the greatest common factor of 1190 and 11390.
170
Calculate the highest common divisor of 628091 and 31.
31
What is the greatest common factor of 48 and 215184?
48
What is the greatest common divisor of 2599 and 47121?
113
Calculate the highest common factor of 9472 and 87024.
592
Calculate the highest common divisor of 2785 and 6127.
557
Calculate the highest common divisor of 2300 and 40.
20
Calculate the highest common factor of 5028779 and 427.
427
What is the highest common factor of 104 and 154492?
52
What is the greatest common divisor of 1045 and 7885?
95
Calculate the highest common divisor of 4710 and 270.
30
Calculate the greatest common divisor of 24